usands digit of 766353?
7
What is the units digit of 446055?
5
What is the thousands digit of 586188?
6
What is the ten thousands digit of 5932761?
3
What is the thousands digit of 93793?
3
What is the thousands digit of 220087?
0
What is the hundreds digit of 2377157?
1
What is the hundreds digit of 2321922?
9
What is the millions digit of 4021291?
4
What is the tens digit of 1445014?
1
What is the ten millions digit of 24577492?
2
What is the units digit of 190757?
7
What is the thousands digit of 5711257?
1
What is the thousands digit of 1039899?
9
What is the tens digit of 976050?
5
What is the thousands digit of 558816?
8
What is the tens digit of 239375?
7
What is the hundreds digit of 3382349?
3
What is the ten thousands digit of 4631976?
3
What is the units digit of 550540?
0
What is the units digit of 3132681?
1
What is the thousands digit of 38412270?
2
What is the ten thousands digit of 273909?
7
What is the millions digit of 1100247?
1
What is the tens digit of 75258?
5
What is the thousands digit of 113451?
3
What is the hundred thousands digit of 2038188?
0
What is the millions digit of 35417326?
5
What is the hundreds digit of 2141143?
1
What is the thousands digit of 143939?
3
What is the tens digit of 2445591?
9
What is the tens digit of 1912702?
0
What is the thousands digit of 546920?
6
What is the units digit of 623417?
7
What is the units digit of 316066?
6
What is the units digit of 113690?
0
What is the thousands digit of 17734140?
4
What is the hundreds digit of 3754450?
4
What is the ten thousands digit of 1939771?
3
What is the units digit of 1062816?
6
What is the ten millions digit of 18419982?
1
What is the tens digit of 1100796?
9
What is the hundreds digit of 264821?
8
What is the ten thousands digit of 424279?
2
What is the hundred thousands digit of 14171141?
1
What is the thousands digit of 7770752?
0
What is the ten thousands digit of 241387?
4
What is the hundred thousands digit of 638253?
6
What is the hundreds digit of 132661?
6
What is the thousands digit of 2968019?
8
What is the ten thousands digit of 30743?
3
What is the units digit of 7339777?
7
What is the ten thousands digit of 38671?
3
What is the ten thousands digit of 4854726?
5
What is the thousands digit of 1188461?
8
What is the units digit of 14648521?
1
What is the units digit of 556839?
9
What is the ten thousands digit of 40225?
4
What is the hundred thousands digit of 573698?
5
What is the hundreds digit of 159019?
0
What is the hundred thousands digit of 389468?
3
What is the thousands digit of 8592825?
2
What is the hundreds digit of 568482?
4
What is the hundreds digit of 4691826?
8
What is the tens digit of 676482?
8
What is the units digit of 137435?
5
What is the tens digit of 2688018?
1
What is the thousands digit of 186053?
6
What is the hundred thousands digit of 753746?
7
What is the millions digit of 4653836?
4
What is the hundreds digit of 240313?
3
What is the thousands digit of 14440903?
0
What is the hundred thousands digit of 218307?
2
What is the thousands digit of 13804224?
4
What is the hundred thousands digit of 3110437?
1
What is the hundred thousands digit of 694166?
6
What is the thousands digit of 147529?
7
What is the ten thousands digit of 276136?
7
What is the units digit of 3159999?
9
What is the ten thousands digit of 25977466?
7
What is the thousands digit of 1667776?
7
What is the tens digit of 3003373?
7
What is the thousands digit of 43906?
3
What is the hundreds digit of 20822?
8
What is the hundreds digit of 19148?
1
What is the units digit of 1291005?
5
What is the tens digit of 1030738?
3
What is the units digit of 1014072?
2
What is the hundreds digit of 2881830?
8
What is the millions digit of 1411724?
1
What is the millions digit of 2060150?
2
What is the ten thousands digit of 95277?
9
What is the units digit of 1130082?
2
What is the units digit of 5475600?
0
What is the units digit of 1865298?
8
What is the ten thousands digit of 17428444?
2
What is the units digit of 410139?
9
What is the hundred thousands digit of 341346?
3
What is the units digit of 1879977?
7
What is the units digit of 3833119?
9
What is the units digit of 10390?
0
What is the ten thousands digit of 242438?
4
What is the hundred thousands digit of 307053?
3
What is the tens digit of 5769362?
6
What is the tens digit of 120008?
0
What is the hundreds digit of 1350288?
2
What is the ten thousands digit of 13623985?
2
What is the tens digit of 711010?
1
What is the units digit of 12332618?
8
What is the hundred thousands digit of 214932?
2
What is the tens digit of 22694825?
2
What is the millions digit of 2002785?
2
What is the millions digit of 17188985?
7
What is the units digit of 2764936?
6
What is the tens digit of 351708?
0
What is the hundred thousands digit of 31726343?
7
What is the units digit of 5089391?
1
What is the hundreds digit of 73338?
3
What is the hundreds digit of 31905559?
5
What is the hundred thousands digit of 11293237?
2
What is the tens digit of 63436?
3
What is the thousands digit of 10656916?
6
What is the hundreds digit of 2748701?
7
What is the thousands digit of 569332?
9
What is the thousands digit of 40484?
0
What is the hundred thousands digit of 687152?
6
What is the millions digit of 5451738?
5
What is the tens digit of 1641442?
4
What is the ten millions digit of 18857900?
1
What is the hundred thousands digit of 11057850?
0
What is the hundred thousands digit of 3640811?
6
What is the ten thousands digit of 85611?
8
What is the tens digit of 1117253?
5
What is the millions digit of 1033266?
1
What is the thousands digit of 3126913?
6
What is the ten thousands digit of 1243894?
4
What is the hundreds digit of 168155?
1
What is the hundred thousands digit of 1137515?
1
What is the hundreds digit of 4664088?
0
What is the thousands digit of 508300?
8
What is the tens digit of 7947494?
9
What is the tens digit of 6986073?
7
What is the hundred thousands digit of 4973889?
9
What is the ten thousands digit of 3703054?
0
What is the hundred thousands digit of 1274485?
2
What is the tens digit of 3351005?
0
What is the tens digit of 87449?
4
What is the thousands digit of 8703255?
3
What is the tens digit of 479796?
9
What is the units digit of 1255122?
2
What is the ten thousands digit of 1810044?
1
What is the hundreds digit of 1539968?
9
What is the hundreds digit of 15268810?
8
What is the hundreds digit of 1477639?
6
What is the hundred thousands digit of 239362?
2
What is the ten thousands digit of 706615?
0
What is the hundreds digit of 336657?
6
What is the units digit of 842215?
5
What is the units digit of 13810015?
5
What is the hundreds digit of 2359435?
4
What is the thousands digit of 4737292?
7
What is the millions digit of 6591236?
6
What is the units digit of 132172?
2
What is the hundred thousands digit of 746962?
7
What is the thousands digit of 12907690?
7
What is the thousands digit of 186414?
6
What is the hundred thousands digit of 233751?
2
What is the tens digit of 910063?
6
What is the millions digit of 17846610?
7
What is the thousands digit of 260738?
0
What is the thousands digit of 9825?
9
What is the millions digit of 1713430?
1
What is the hundreds digit of 15157?
1
What is the hundred thousands digit of 8402698?
4
What is the millions digit of 1236198?
1
What is the ten thousands digit of 142311?
4
What is the tens digit of 12411641?
4
What is the ten thousands digit of 246163?
4
What is the tens digit of 504271?
7
What is the hundreds digit of 10937883?
8
What is the millions digit of 21072003?
1
What is the hundred thousands digit of 6820961?
8
What is the thousands digit of 45703?
5
What is the hundreds digit of 251456?
4
What is the hundreds digit of 430746?
7
What is the thousands digit of 12422004?
2
What is the ten thousands digit of 86396?
8
What is the ten thousands digit of 404646?
0
What is the millions digit of 8335829?
8
What is the ten millions digit of 32844565?
3
What is the hundreds digit of 213831?
8
What is the tens digit of 1345113?
1
What is the hundreds digit of 33669941?
9
What is the millions digit of 1292748?
1
What is the thousands digit of 248559?
8
What is the millions digit of 19434975?
9
What is the millions digit of 1760553?
1
Wh